e -401 = -2*f - 5*x, 20 = -5*x + 15. What is the highest common factor of 116 and f?
29
Let v be -6*(18/(-12))/((-3)/4). Let n be (-1*(34 + -1))/(v/8). What is the highest common factor of 11 and n?
11
Let p be (-5550)/42 + (-1)/(-7). Let b = 144 + p. What is the highest common factor of b and 8?
4
Suppose -29*u = 594 - 2334. What is the highest common factor of 180 and u?
60
Suppose k + 201 - 68 = 0. Let z be 1 - (-4 + k - -2). What is the highest common divisor of 17 and z?
17
Suppose 4*g + 0*b = -b + 1504, 5*g - 3*b - 1863 = 0. Calculate the greatest common divisor of 30 and g.
15
Let s be 3/(-9)*(7 + -2 + -14). Calculate the greatest common factor of 753 and s.
3
Suppose -24 = -3*d - d. Suppose -d*i - 240 = -9*i. Let k be 5 + 11/(6/6). What is the highest common divisor of k and i?
16
Let p be 16/(27/12 + -2). Suppose -p = -6*t - 2*t. What is the greatest common divisor of 72 and t?
8
Let x(g) = g - 10. Let m be x(-6). Let i = 30 + m. Let u be 294/63*3*11. Calculate the greatest common factor of u and i.
14
Let g be (6/4)/(2 + (-12)/8). Suppose 3*o = -g*n, -3*n - 4 = 2*o - 1. Calculate the greatest common factor of 4 and o.
1
Let c(y) = 9*y - 13. Let r be (0 - (-3 - (-3 - -3)))*3. Let z be c(r). Calculate the highest common divisor of 51 and z.
17
Suppose -10*g = -3*g - 35. Let a be 8/g - 1 - 1071/(-15). Calculate the greatest common divisor of a and 8.
8
Suppose 5*w - 1080 = -7*w. Let x = w - 50. Calculate the greatest common divisor of 16 and x.
8
Suppose 2*k - 80 = -2*k. Suppose 2*j + 4*q + 17 = 53, 9 = 3*j - 3*q. Calculate the greatest common factor of j and k.
4
Let i(o) = o**2 - o - 6. Let g be i(-6). Let k = -21 + g. Calculate the greatest common divisor of k and 165.
15
Suppose 10 = -2*v + 20. Suppose 2*n = n + v. Suppose 3*d - 6*k + n*k = 158, -5*d + 3*k = -270. What is the greatest common divisor of 17 and d?
17
Let g = -30 + 17. Let o(f) be the first derivative of f**3/3 + 6*f**2 + 5*f - 130. Let v be o(g). Calculate the highest common divisor of v and 198.
18
Let v = -436 - -446. What is the highest common factor of 10 and v?
10
Let r(j) = 5*j - 8. Let n be r(2). Let s be n/2 + -16 + 37. Let d = 6 - 4. What is the highest common factor of s and d?
2
Let w(t) be the third derivative of t**5/12 + t**3/6 - t**2. Let z be w(-1). What is the greatest common factor of 18 and z?
6
Let l = 1624 + -344. What is the greatest common divisor of 80 and l?
80
Let l(x) = 4*x**3 + 6*x**2 - 123*x + 4. Let t be l(5). Let c = 177 - 73. What is the greatest common factor of c and t?
13
Suppose 2*k + 26 = 2*u, 6*u - 5 = u. Let y = 33 - k. Suppose 2*m - 4*x + 0 = 18, 4*m - 10 = -5*x. What is the greatest common divisor of m and y?
5
Suppose -2*o + 6*o = 4. Suppose 62*m - 73*m + 187 = 0. What is the greatest common factor of o and m?
1
Let n be (6 + 114/(-18))/((-1)/255). Let w(y) = y**3 + 12*y**2 - 2*y - 7. Let p be w(-12). Calculate the greatest common divisor of n and p.
17
Let x be (-3)/(-1 + 572/568). Let r be 24/(-56) - x/14. What is the greatest common factor of r and 20?
10
Let l = 2008 + -1288. Calculate the highest common factor of l and 100.
20
Let m(y) be the second derivative of y**4/6 + 2*y**3/3 + 7*y**2/2 - 19*y. Let h be m(-3). What is the highest common divisor of 39 and h?
13
Suppose 149*n + 26 = 150*n. Calculate the greatest common factor of n and 26.
26
Suppose 0 = -4*q + 12, -2*t = 2*q - 7 - 1. Let b be 32/(-12)*(0 - 6). Let c = 18 - b. Calculate the highest common factor of t and c.
1
Let t be 1 + -2 - (-1155 - 1). Suppose -t = 9*c - 14*c. Calculate the greatest common factor of c and 21.
21
Let m = 727 - 686. What is the greatest common factor of m and 779?
41
Let g be (5 + -1657)*(-2)/4. Let l be (-4)/(-10) + g/35. Suppose q - l = 4. Calculate the highest common divisor of 140 and q.
28
Let j be 45*((-64)/(-60) + (-2)/5). Let w = 39 - j. Calculate the highest common divisor of 1 and w.
1
Let h = 36 - -99. Let q(z) = 2*z - 12. Let u be q(7). Suppose -11*f + 96 = u*n - 7*f, 2*n - f = 111. Calculate the highest common factor of h and n.
27
Let g(s) = -1668*s - 55. Let x be g(-3). Calculate the highest common divisor of x and 101.
101
Let q(w) = w**2 + 11*w**2 + 3 + 12*w - 17*w. Let s be q(3). What is the greatest common factor of 24 and s?
24
Suppose -200*o + 1820 = -204*o. Let k be 1 + (-762)/(-14) + 195/o. Calculate the highest common factor of k and 22.
11
Suppose -4*n - 3*z + 296 = 0, -5*n - 4*z = -7*z - 370. Suppose -q - 2*q - 2*x = -202, -n = -q + x. Calculate the highest common factor of 10 and q.
10
Let b be 1 - 4/(-12)*0. Let q be b + ((-6)/3 - -16). Suppose 0 = 5*m - 45 + q. Calculate the greatest common divisor of 48 and m.
6
Let h = 66 + -45. Let t = h + -14. Calculate the greatest common divisor of t and 35.
7
Let i be 11/3 - (-2)/(-3). What is the greatest common factor of 7 and i?
1
Let q be (-1528)/(-56) - (-4)/(-14). Let n = -324 - -594. Calculate the highest common factor of q and n.
27
Suppose 5*u + 4 = -3*m, -2*u + 4 = -3*m + 7*m. Suppose 50 = m*p + 3*p. What is the greatest common factor of p and 100?
10
Suppose 3*y - 53 - 67 = 0. Suppose 0 = t + 2, 4*l = 2*l + 4*t + y. Calculate the highest common divisor of 40 and l.
8
Suppose 0 = -3*b, 0*b - 279 = 3*d + 5*b. Let j be d/(-2) - ((-13)/(-2) - 6). What is the highest common factor of j and 115?
23
Suppose 4*f = -5*m - 5 + 1, -3*m - 16 = -f. Suppose -6 + f = -b. Let d be (-3)/6*b*-90. What is the greatest common divisor of 18 and d?
18
Let w = -14 - -8. Let y be (-150)/(-8) + w/(-24). Calculate the highest common factor of 38 and y.
19
Suppose -r - 170 = 3*v, -r + 162 = -2*v + 57. Let d be (-1 - (v - 2))*1. What is the highest common factor of 14 and d?
14
Let l be (-30)/(-7)*63/9. Let h be ((-24)/10)/(44/(-110)). Calculate the highest common factor of l and h.
6
Let w be ((-7)/(-21))/((-2)/(-66)). Let d = 15 - w. Let i be d/((24/(-75))/(-4)). What is the greatest common divisor of i and 20?
10
Let y = -13 - -23. Suppose -5*l - 4*a + y = -4*l, -a = -5*l + 29. Suppose -2*i = 5*v - 29 - 31, i = 0. Calculate the greatest common divisor of l and v.
6
Suppose 640 = 5*k - 150. Suppose -42 = -o - 4*l, -l + k + 33 = 5*o. Let w(g) = -g**3 + 3*g + 1. Let r be w(-3). What is the highest common factor of r and o?
19
Let w(b) = 2*b**2 + 9*b - 7. Let z be w(-7). Suppose 0 = -5*y + 3*y + z. What is the highest common factor of 98 and y?
14
Suppose -2*a - 3*q - 2*q = -13, 3*a = -q + 26. Let w = a - -23. Let r = w - 17. Calculate the greatest common factor of 15 and r.
15
Suppose -2*q - 2*l + 174 = 0, -5 = l - 4. Suppose -7*z = -11*z - 3*a + 17, 0 = 5*z - 2*a - 73. What is the highest common divisor of z and q?
11
Suppose 0 = -25*c + 31*c - 2520. What is the greatest common factor of c and 600?
60
Let v = 819 - 786. What is the highest common factor of 44 and v?
11
Suppose -132 = 3*d - 342. Let j(m) = -m**3 - 17*m**2 - 17*m - 8. Let x be j(-16). Suppose x = i - 2. Calculate the highest common divisor of i and d.
10
Let d = 45 + -7. Let j = 63 + -44. Calculate the highest common factor of j and d.
19
Suppose -27 = -8*m + 11*m. Let y be m/(-3) + -3 + 3. Calculate the greatest common factor of 9 and y.
3
Let w(o) = 3*o**2 + 11*o + 24. Let v be w(-4). What is the highest common divisor of v and 308?
28
Let z be 60/18 + 30/18. Calculate the greatest common factor of z and 145.
5
Let v(o) = -2*o - 14. Let f be v(-7). Let j be (f + 1)/((-10)/(-850)). What is the greatest common divisor of 17 and j?
17
Suppose 4*q - d - 3 - 5 = 0, -d = 5*q - 1. Let l(g) = g**2 + q + 35*g - 37*g + 1. Let u be l(5). Calculate the greatest common divisor of 119 and u.
17
Suppose -42*w + 28*w + 658 = 0. Calculate the greatest common divisor of w and 47.
47
Let t(k) = k**2 + 7*k - 56. Let n be t(-19). Calculate the greatest common factor of n and 4.
4
Suppose 13468 = 3*r + 4*a, -r - 4476 = -2*r - 4*a. Let t be 1/5 + r/20. Calculate the highest common factor of t and 25.
25
Suppose a + 6 = 3*a. Suppose 8 - 53 = -a*s. What is the highest common factor of s and 165?
15
Let d be (-2 + (5 - 6))/((-5)/2035). Calculate the greatest common divisor of 111 and d.
111
Suppose 0 = 2*v - 2*r + 14, -4*v - r = -3*r + 20. Let d be 175 + (1 - -3) + v. Calculate the highest common factor of 16 and d.
16
Let h(g) = -g - 